 1 + 4 + o. Let v = 40 + -32. Let n be 18*(-4)/v - -4. What is u(n)?
-3
Let j(z) = z**2 + 4*z - 2. Let u(v) = -15*v + 41. Let a be u(3). Calculate j(a).
-2
Let l = 286 - 293. Let o(a) = 9*a + 7. What is o(l)?
-56
Let u(r) = r**2 + 5 - 3 - 10 + 1. Calculate u(-5).
18
Suppose 0 = -2*h + 5*h - 21. Suppose -11 = -h*m + 3. Let f(g) = -g**3 + 2*g**2 - m + 0*g**2 - 7*g**2 - 6*g + 0*g**3. Give f(-4).
6
Let u(a) = -40*a - 7. Let k be u(-4). Suppose -2*r = -145 + k. Let g(t) = -2*t - 6. Determine g(r).
2
Let d = 3 - 2. Let o(i) = -i**2 - i - 4. Let w(x) = 4*x**2 - 5*x - 21. Let m(y) = -5*o(y) + w(y). Determine m(d).
8
Let s = 2116 + -2138. Let g(m) = 3*m + 43. What is g(s)?
-23
Let j(c) be the first derivative of 5/2*c**2 + 1/4*c**4 - 10 - 8*c + 8/3*c**3. Determine j(-7).
6
Suppose 343 = -51*v + 37. Let b(n) = -n**2 - 9*n - 28. Calculate b(v).
-10
Let s be (0 + 2 + -1)*-3. Let q(m) = -m**3 + 3*m**2 + 3*m - 1. Let i(u) = u**3 - 4*u**2 - 3*u + 2. Let y(w) = 5*i(w) + 6*q(w). Give y(s).
4
Let d = 1400 + -1381. Let s(v) = -v**3 + 18*v**2 + 18*v + 25. Calculate s(d).
6
Let j(h) = 2*h - 8. Let l(v) = -v + 4. Let y(m) = 6*j(m) + 13*l(m). Determine y(4).
0
Let n(j) = -2*j**2 - 15*j + 13*j + 24 + 24 - 43. Suppose 3*c - 1 - 5 = 0. Suppose -c*a = 3*a + 20. What is n(a)?
-19
Let d(f) = -f**3 - f**2 + f - 1. Let o(s) = 15*s + 4. Let q be o(-1). Suppose -40 = -4*r - 4. Let h = q + r. What is d(h)?
1
Let n(u) = -2*u + 3. Let a be 12/8 - 3 - 11/(-2). What is n(a)?
-5
Let u = -51 - -59. Let a(i) = -13 - 15 + 26 + u*i. Calculate a(-2).
-18
Let l(f) be the second derivative of -3*f**5/10 + f**4/12 + f**3/3 + f**2/2 - f. Suppose 3*j - 6 = j. Suppose -j - 2 = 5*h. What is l(h)?
6
Let s be (-1)/1 - (-1 + -4 - 1). Let l(x) = x**3 - 4*x**2 - 3*x + 1. Determine l(s).
11
Let i be (-3)/(-2 - 6/(-4)). Let s(h) = -206949 + h + 0*h + 206938. What is s(i)?
-5
Let h(y) = y**3 - 6*y**2 - y - 1. Let a(v) = -v**3 - v**2 - 2*v - 6. Let d be a(-3). Suppose -3*b + 4*k + d = k, -3*k + 30 = 5*b. Give h(b).
-7
Let d = -373/7 - -1126/21. Let i(s) be the first derivative of -3*s - s**2 + 12 - d*s**3. Determine i(-3).
-6
Let o(h) = h**3 + 5*h**2 + 7*h + 4. Let x(l) = 2*l - 16. Let b be (48/20)/(2/(-20)*-4). Let m be x(b). Calculate o(m).
-8
Let q(k) be the first derivative of -k**4/4 + 16*k**3/3 + k**2/2 - 3*k - 474. Give q(16).
13
Let q be 3*(-6)/27*3. Let n(h) be the third derivative of -h**7/1260 + h**6/720 + h**4/24 + h**2. Let s(m) be the second derivative of n(m). Calculate s(q).
-10
Suppose 4*u - 12 = -4*y + 20, -5*y + 4*u = -4. Suppose -y*h + h = 9. Let v(r) = -r. Give v(h).
3
Let g(x) = -x + 6 - 5 + 2*x. Suppose -2*r + y = -6, 1 = -3*r - 4*y + 10. Calculate g(r).
4
Let v = -2 + -8. Suppose 4*a = 2*j - 14, -6 = 4*a + j - 1. Let f be -6 - -8 - v/a. Let c(m) = 2*m + 1. What is c(f)?
-5
Let g(a) = 3*a**2 + 9*a + 6. Let d(u) = -1. Let q(h) = 5*d(h) + g(h). Let s(j) = -8*j**2 - 26*j - 3. Let m(k) = -11*q(k) - 4*s(k). Give m(5).
1
Let o(j) = 18*j**2 - 14*j - 46*j**3 - 6*j**2 + 47*j**3 - 822 + 826. What is o(-13)?
17
Suppose 0 = -4*z + 2*b + b - 37, -2*b - 75 = 5*z. Let a(d) = -2*d**3 + 2*d**2 - 3*d. Let n be a(2). Let q = z - n. Let g(f) = -2*f**2 + 2*f - 1. What is g(q)?
-1
Suppose -2*y = 2*s + 2*s - 14, y - 4*s + 11 = 0. Let d(j) = 19*j**3 - j**2 - j + 1. Determine d(y).
18
Let s(c) = 7*c**2 + 14*c - 6. Let m(p) = p**2 + 4*p - 1. Let l(d) = -6*m(d) + s(d). Determine l(9).
-9
Let c(w) = 22*w**2. Suppose -4*f - 5*g = 29, -4*g = -3*f + 12 + 5. Give c(f).
22
Let r(k) = k**2 + k - 6. Let q = 32 + -58. Let c = q - -26. Calculate r(c).
-6
Let f(r) = 2*r - 1. Let o be f(-6). Let q = -11 + 18. Let m = o + q. Let z(g) = g**2 + 4*g - 6. Give z(m).
6
Let c(w) = -w**3 + 6*w**2 + 2*w - 9. Let v be c(6). Let t(h) = -2*h**2 - h**2 - 4 - h**3 + 2*h**v - h + 0*h**2. Let s = -8 + 12. Determine t(s).
8
Let h(j) = 4*j**2 - 22*j - 22. Let c be h(-1). Let a(t) = t**3 - 3*t**2 - 4*t + 2. Determine a(c).
2
Let y(t) = t**2 + 6*t - 1. Suppose 3*s = -3*f - 2*s - 26, 0 = -2*s - 2. Determine y(f).
6
Let t(f) be the first derivative of 23*f**6/120 - f**5/60 - 19*f**2/2 + 14. Let o(n) be the second derivative of t(n). Determine o(1).
22
Let m(w) = -2*w. Let t(h) = -1. Let x(v) = m(v) - 5*t(v). Give x(2).
1
Let z(n) be the first derivative of n**5/60 + n**4/6 + n**3/2 - 13*n**2/2 - 14. Let i(o) be the second derivative of z(o). Calculate i(-3).
0
Let r(d) = -6*d - 1. Let g(n) = 17*n + 17. Let x(t) = -g(t) - 3*r(t). Give x(11).
-3
Let k(s) = -38*s - 37*s + s**3 + 4 + 82*s + 10*s**2. Let f(v) = -2*v**3 - 19*v**2 - 14*v - 9. Let b(y) = -3*f(y) - 5*k(y). What is b(-6)?
1
Let f(j) = 3 - 5*j - 8 - 4 + 14. What is f(-5)?
30
Suppose m - 3*f - 11 = 0, -5 + 2 = -3*m - f. Suppose 4*r = m*l, l + 2*r - 30 = -2*r. Let h(u) = -u**2 + 11*u - 12. Give h(l).
-2
Let f(q) be the third derivative of -5/6*q**3 + 1/8*q**4 + 0 - 29*q**2 + 0*q. Calculate f(5).
10
Let j(s) = s**2 - 5*s + 10. Suppose 0 = -3*m - 5*o - 8, -3*m + 33*o = 30*o - 24. Give j(m).
6
Let x(g) = -2*g + 4. Let u(a) = 6*a**2 + 15*a - 15. Let i be u(1). Give x(i).
-8
Suppose -z = -5*f - 3, -3*z = 2*f + 2*f - 9. Let x(y) = -y**3 + 4*y**2 - 2. Let n be x(z). Let k(t) = -2 + 3*t - 6*t**2 + 5*t**2 + 4*t - 1. Give k(n).
-3
Suppose -3*r - 15 = 3*q, 4*q + r + 25 = -4*r. Let s(j) = -5*j + 27. Let z(d) = d - 3. Let m(o) = s(o) + 6*z(o). Give m(q).
9
Suppose -12*k - 2 = -11*k. Let w = k - -1. Let g(h) = -1. Let r(p) = 5*p + 4. Let b(c) = 5*g(c) + r(c). Calculate b(w).
-6
Suppose -3*z + 6*z - 2*q = -114, 0 = 2*q - 6. Let r = z + 30. Let g(a) = -2*a - 8. What is g(r)?
4
Let t(k) = -k**2 + 9*k - 6. Let i be t(8). Let q be 2*-1 - -3 - -1. Let x(a) = 1 + 0*a + 3*a - q - a**3. Calculate x(i).
-3
Suppose -2*j = -4*f - 14, -5*j - 2*f + 0 - 1 = 0. Let c be 1614/(-12) + (-3)/6. Let l be j/(-4) + c/20. Let b(t) = -t**2 - 7*t - 6. What is b(l)?
-6
Let o(d) = 3*d**2 - 25*d - 27. Let z(i) = -i**2 + 8*i + 9. Let m(a) = -2*o(a) - 7*z(a). Suppose 0 = -12*v + 13*v + 12. Let p be 47/7 - v/42. What is m(p)?
-2
Let c(f) = -f**3 + 8*f**2 + 10*f + 12. Let r be c(9). Suppose 46 = -5*v + r. Let i(t) = -1 - 3*t - 2 + 2*t. Calculate i(v).
2
Let j(t) be the first derivative of -17 + t - 5/2*t**2. Let b = 2 + -1. Give j(b).
-4
Let q(h) = 9*h**2 + 25*h + 14. Let a(z) be the third derivative of -z**5/15 - z**4/2 - 7*z**3/6 + 36*z**2. Let d(f) = 7*a(f) + 3*q(f). What is d(-7)?
7
Suppose p - 9 - 1 = 0. Suppose -5*m + 4 = 3*j + 3, 4*m = 3*j - p. Let x(r) = r - j*r + r + 2*r. Determine x(3).
6
Suppose 2*g = 3 + 1. Suppose 0 = g*y - y - 6. Let u(t) = -14*t**2 + 10*t - 16. Let s(n) = 5*n**2 - 3*n + 5. Let f(c) = 11*s(c) + 4*u(c). What is f(y)?
-3
Let u = 569 - 572. Let t(j) = 5*j**2 + 13*j. Give t(u).
6
Let m(x) = -x**2 - 3*x + 15. Let c(l) = l**3 - 4*l**2 - 6*l + 30. Let r be c(3). Determine m(r).
-3
Let p(d) = -d**2 - 9*d - 6. Let o(r) = -r**3 - 14*r**2 - 22*r - 4. Let q be o(-2). Give p(q).
2
Let c(v) be the third derivative of -v**5/40 - v**4/4 - v**3/3 + 2*v**2. Let y(o) be the first derivative of c(o). Suppose 44 = -5*t - 6*t. Calculate y(t).
6
Let p(j) = 28*j**2 - 4 + j + 2*j - 30*j**2. Suppose -3*g = -4*h + 2, 3*h - 11 = -4*g + 3. Suppose -2*c + 4*c = 5*y - 23, 0 = -2*y - g*c - 2. Determine p(y).
-13
Let x(w) = -37*w + 409. Let y be x(11). Let z(d) = 3*d**3 - d**2. Give z(y).
20
Let a(h) be the first derivative of 3*h**2/2 - 8*h - 19. Determine a(8).
16
Suppose 0 = -u + 17 - 3. Let t(w) = -w**3 + 15*w**2 - 11*w + 2. What is t(u)?
44
Suppose -3*c - 12 = 0, -2*l + 3*c - 23 = 3*l. Let z(g) = -g**3 - 6*g**2 + 6*g + 4. What is z(l)?
11
Let c(b) be the first derivative of -b**4/6 + b**3/6 - 11*b**2 - 3. Let a(z) be the second derivative of c(z). Calculate a(-1).
5
Let p be 6/2*(-28)/6. Let t(m) = -m - 9. Give t(p).
5
Let v(x) = -x + 2. Let s = -214 - -214. Calculate v(s).
2
Let g(x) be the second derivative of 3/2*x**3 + 3/2*x**2 + 0 + 1/12*x**4 - 2*x. Give g(-8).
-5
Let k = 695 - 692. Let i(b) be the third derivative of 5*b**2 - 2/3*b**k + 0 + 0*b - 1/24*b**4. Calculate i(-4).
0
Let y(r) = -r**3 + 7*r**2 + 6*r - 11. Let b(o) = o**3 - 4*o**2 + 4*o + 5. Let c be b(3). Determine y(c).
-27
Let q be 3*(-4)/(-24)*-2. Let b(l) = -218*l + 218*l + 14*l**2 + 1. Let i(w) = -15*w**2 - 1. Let u(y) = 6*b(y) + 5*i(y). Give u(q).
10
Let